{"id":14,"date":"2023-01-09T15:24:31","date_gmt":"2023-01-09T15:24:31","guid":{"rendered":"https:\/\/www.uetikermuseum.ch\/?page_id=14"},"modified":"2026-04-10T11:59:10","modified_gmt":"2026-04-10T11:59:10","slug":"homepage","status":"publish","type":"page","link":"https:\/\/www.uetikermuseum.ch\/","title":{"rendered":"home"},"content":{"rendered":"<p>[et_pb_section fb_built=&#8220;1&#8243; _builder_version=&#8220;4.19.4&#8243; _module_preset=&#8220;default&#8220; global_colors_info=&#8220;{}&#8220;][et_pb_row _builder_version=&#8220;4.19.4&#8243; _module_preset=&#8220;default&#8220; global_colors_info=&#8220;{}&#8220;][et_pb_column type=&#8220;4_4&#8243; _builder_version=&#8220;4.19.4&#8243; _module_preset=&#8220;default&#8220; global_colors_info=&#8220;{}&#8220;][et_pb_text _builder_version=&#8220;4.27.6&#8243; _module_preset=&#8220;default&#8220; hover_enabled=&#8220;0&#8243; global_colors_info=&#8220;{}&#8220; sticky_enabled=&#8220;0&#8243;]<\/p>\n<h3 style=\"text-align: center;\"><span style=\"color: #000000;\"><strong>Ausstellungsdaten\/\u00d6ffnungszeiten :<\/strong><\/span><\/h3>\n<p style=\"text-align: center;\"><span style=\"color: #000000;\"><strong>Sonntag, 14.00-17.00 Uhr (Eintritt frei), F\u00fchrungen auf Anfrage auch zu anderen Zeiten m\u00f6glich.<br \/>Das Museum ist im Juli \/ August, zwischen Weihnachten und Neujahr sowie an Ostern und Pfingsten geschlossen.<\/strong><\/span><\/p>\n<div class=\"Summary--item\">\n<div class=\"SidebarWidget condensed\">\n<div class=\"SidebarWidget--body\">\n<div class=\"richtext\">\n<p style=\"text-align: center;\">\n<\/div>\n<\/div>\n<\/div>\n<\/div>\n<p>&nbsp;<\/p>\n<p><span style=\"color: #000000;\"><strong><\/strong><\/span><\/p>\n<p><span style=\"color: #000000;\"><strong><\/strong><\/span><\/p>\n<p>[\/et_pb_text][et_pb_video _builder_version=&#8220;4.27.4&#8243; _module_preset=&#8220;default&#8220; global_colors_info=&#8220;{}&#8220;][\/et_pb_video][et_pb_blog_extras include_categories=&#8220;7&#8243; show_content=&#8220;on&#8220; show_author=&#8220;off&#8220; show_date=&#8220;off&#8220; show_comments=&#8220;off&#8220; _builder_version=&#8220;4.27.4&#8243; _module_preset=&#8220;default&#8220; global_colors_info=&#8220;{}&#8220; transform_styles__hover_enabled=&#8220;on|hover&#8220; transform_scale__hover_enabled=&#8220;on|hover&#8220; transform_translate__hover_enabled=&#8220;on|desktop&#8220; transform_rotate__hover_enabled=&#8220;on|desktop&#8220; transform_skew__hover_enabled=&#8220;on|desktop&#8220; transform_origin__hover_enabled=&#8220;on|desktop&#8220; transform_scale__hover=&#8220;110%|110%&#8220;][\/et_pb_blog_extras][\/et_pb_column][\/et_pb_row][et_pb_row _builder_version=&#8220;4.19.4&#8243; _module_preset=&#8220;default&#8220; global_colors_info=&#8220;{}&#8220;][et_pb_column type=&#8220;4_4&#8243; _builder_version=&#8220;4.19.4&#8243; _module_preset=&#8220;default&#8220; global_colors_info=&#8220;{}&#8220;][revslider_divi revslider_divi=&#8220;%91rev_slider alias=%22destinations-card-slider1-1%22 slidertitle=%22museum home%22%93%91\/rev_slider%93&#8243; _builder_version=&#8220;4.20.2&#8243; _module_preset=&#8220;default&#8220; global_colors_info=&#8220;{}&#8220;][\/revslider_divi][\/et_pb_column][\/et_pb_row][\/et_pb_section]<\/p>\n","protected":false},"excerpt":{"rendered":"<p>Ausstellungsdaten\/\u00d6ffnungszeiten : Sonntag, 14.00-17.00 Uhr (Eintritt frei), F\u00fchrungen auf Anfrage auch zu anderen Zeiten m\u00f6glich.Das Museum ist im Juli \/ August, zwischen Weihnachten und Neujahr sowie an Ostern und Pfingsten geschlossen. &nbsp; <div class=\"et_pb_module revslider_divi revslider_divi_0\">\n\t\t\t\t\n\t\t\t\t\n\t\t\t\t\n\t\t\t\t\n\t\t\t\t\n\t\t\t\t\n\t\t\t\t<div class=\"et_pb_module_inner\">\n\t\t\t\t\t\n\t\t\t\t<p class=\"rs-p-wp-fix\"><\/p>\n\t\t\t\t<sr7-module data-alias=\"destinations-card-slider1-1\" data-id=\"3\" id=\"SR7_3_1\" class=\"rs-respect-topbar rs-ov-hidden\" data-version=\"6.7.52\">\n\t\t\t\t\t<sr7-adjuster><\/sr7-adjuster>\n\t\t\t\t\t<sr7-content>\n\t\t\t\t\t\t<sr7-slide id=\"SR7_3_1-1\" data-key=\"1\">\n\t\t\t\t\t\t\t<sr7-txt id=\"SR7_3_1-1-8\" class=\"sr7-layer\">Das Museum befindet sich im ersten Obergeschoss der Liegenschaft<br \/>\n\"Haus zum Riedsteg\"<br \/>\nan der Bergstrasse 109 in Uetikon am See.<\/sr7-txt>\n\t\t\t\t\t\t\t<sr7-txt id=\"SR7_3_1-1-9\" class=\"sr7-layer\">Treten Sie ein!<br \/>\nUetiker Museum<\/sr7-txt>\n\t\t\t\t\t\t\t<a id=\"SR7_3_1-1-10\" class=\"sr7-layer\" href=\"#\" target=\"_blank\" rel=\"noopener\">Explore<\/a>\n\t\t\t\t\t\t\t<sr7-txt id=\"SR7_3_1-1-15\" class=\"sr7-layer\">1969<\/sr7-txt>\n\t\t\t\t\t\t\t<sr7-txt id=\"SR7_3_1-1-22\" class=\"sr7-layer\">1957<\/sr7-txt>\n\t\t\t\t\t\t\t<sr7-txt id=\"SR7_3_1-1-26\" class=\"sr7-layer\">2020<\/sr7-txt>\n\t\t\t\t\t\t<\/sr7-slide>\n\t\t\t\t\t\t<sr7-slide id=\"SR7_3_1-2\" data-key=\"2\">\n\t\t\t\t\t\t\t<sr7-txt id=\"SR7_3_1-2-8\" class=\"sr7-layer\">Das Uetiker Museum thematisiert die Entwicklung von Uetikon.<br \/>\nEs zeigt jedes Jahr ein bis zwei Sonderausstellungen.<\/sr7-txt>\n\t\t\t\t\t\t\t<sr7-txt id=\"SR7_3_1-2-9\" class=\"sr7-layer\">Wir stellen uns<br \/>\nzur Schau!<br \/>\nAusstellungen<\/sr7-txt>\n\t\t\t\t\t\t\t<a id=\"SR7_3_1-2-10\" class=\"sr7-layer\" href=\"#\" target=\"_blank\" rel=\"noopener\">Explore<\/a>\n\t\t\t\t\t\t<\/sr7-slide>\n\t\t\t\t\t\t<sr7-slide id=\"SR7_3_1-3\" data-key=\"3\">\n\t\t\t\t\t\t\t<sr7-txt id=\"SR7_3_1-3-8\" class=\"sr7-layer\">Wir erg\u00e4nzten die mannigfaltige Palette mit Fotos von Mitarbeitenden des Museums mit historischen Bildern aus dem Museumsarchiv<\/sr7-txt>\n\t\t\t\t\t\t\t<sr7-txt id=\"SR7_3_1-3-9\" class=\"sr7-layer\">Bildersammlung<br \/>\nExponate<\/sr7-txt>\n\t\t\t\t\t\t\t<a id=\"SR7_3_1-3-10\" class=\"sr7-layer\" href=\"#\" target=\"_blank\" rel=\"noopener\">Explore<\/a>\n\t\t\t\t\t\t<\/sr7-slide>\n\t\t\t\t\t\t<sr7-slide id=\"SR7_3_1-9\" data-key=\"9\">\n\t\t\t\t\t\t\t<sr7-txt id=\"SR7_3_1-9-43\" class=\"sr7-layer\"><i class=\"fa-angle-left\"><\/i><\/sr7-txt>\n\t\t\t\t\t\t\t<sr7-txt id=\"SR7_3_1-9-44\" class=\"sr7-layer\"><i class=\"fa-angle-right\"><\/i><\/sr7-txt>\n\t\t\t\t\t\t\t<sr7-txt id=\"SR7_3_1-9-47\" class=\"sr7-layer\">0{{current_slide_index}}<\/sr7-txt>\n\t\t\t\t\t\t\t<sr7-txt id=\"SR7_3_1-9-48\" class=\"sr7-layer\">\/<\/sr7-txt>\n\t\t\t\t\t\t\t<sr7-txt id=\"SR7_3_1-9-49\" class=\"sr7-layer\">0{{total_slide_count}}<\/sr7-txt>\n\t\t\t\t\t\t<\/sr7-slide>\n\t\t\t\t\t<\/sr7-content>\n\t\t\t\t\t<image_lists style=\"display:none\">\n\t\t\t\t\t\t<img data-src=\"\/\/www.uetikermuseum.ch\/wp-content\/uploads\/2023\/03\/6422f55b1ecfe.jpg\" data-libid=\"21628\" title=\"012 02 002 Ost 1969 07 12 Ausw Scaled 1\" width=\"0\" height=\"0\" data-dbsrc=\"Ly93d3cudWV0aWtlcm11c2V1bS5jaC93cC1jb250ZW50L3VwbG9hZHMvMjAyMy8wMy82NDIyZjU1YjFlY2ZlLmpwZw==\"\/>\n\t\t\t\t\t\t<img data-src=\"\/\/www.uetikermuseum.ch\/wp-content\/uploads\/2023\/03\/6422f557c3361.jpg\" data-libid=\"21627\" title=\"012 02 001 Luftaufn 1957 07 31 004 Scaled 1\" width=\"0\" height=\"0\" data-dbsrc=\"Ly93d3cudWV0aWtlcm11c2V1bS5jaC93cC1jb250ZW50L3VwbG9hZHMvMjAyMy8wMy82NDIyZjU1N2MzMzYxLmpwZw==\"\/>\n\t\t\t\t\t\t<img data-src=\"\/\/www.uetikermuseum.ch\/wp-content\/uploads\/2023\/03\/6422f56d8565e.jpg\" data-libid=\"21633\" title=\"DSCN10744\" width=\"0\" height=\"0\" data-dbsrc=\"Ly93d3cudWV0aWtlcm11c2V1bS5jaC93cC1jb250ZW50L3VwbG9hZHMvMjAyMy8wMy82NDIyZjU2ZDg1NjVlLmpwZw==\"\/>\n\t\t\t\t\t\t<img loading=\"lazy\" data-src=\"\/\/www.uetikermuseum.ch\/wp-content\/uploads\/2023\/03\/6422f569989db.jpg\" data-libid=\"21632\" title=\"968 TitelBild 1\" width=\"0\" height=\"0\" data-dbsrc=\"Ly93d3cudWV0aWtlcm11c2V1bS5jaC93cC1jb250ZW50L3VwbG9hZHMvMjAyMy8wMy82NDIyZjU2OTk4OWRiLmpwZw==\"\/>\n\t\t\t\t\t\t<img loading=\"lazy\" data-src=\"\/\/www.uetikermuseum.ch\/wp-content\/uploads\/2023\/03\/6422f56598c2e.jpg\" data-libid=\"21631\" title=\"966 TitelBild\" width=\"0\" height=\"0\" data-dbsrc=\"Ly93d3cudWV0aWtlcm11c2V1bS5jaC93cC1jb250ZW50L3VwbG9hZHMvMjAyMy8wMy82NDIyZjU2NTk4YzJlLmpwZw==\"\/>\n\t\t\t\t\t\t<img loading=\"lazy\" data-src=\"\/\/www.uetikermuseum.ch\/wp-content\/uploads\/2023\/03\/image01.jpg\" data-libid=\"21635\" title=\"Image01\" width=\"0\" height=\"0\" data-dbsrc=\"Ly93d3cudWV0aWtlcm11c2V1bS5jaC93cC1jb250ZW50L3VwbG9hZHMvMjAyMy8wMy9pbWFnZTAxLmpwZw==\"\/>\n\t\t\t\t\t\t<img loading=\"lazy\" data-src=\"\/\/www.uetikermuseum.ch\/wp-content\/uploads\/2023\/03\/6422f561a73c6.jpg\" data-libid=\"21630\" title=\"0436 Henkelmann1\" width=\"0\" height=\"0\" data-dbsrc=\"Ly93d3cudWV0aWtlcm11c2V1bS5jaC93cC1jb250ZW50L3VwbG9hZHMvMjAyMy8wMy82NDIyZjU2MWE3M2M2LmpwZw==\"\/>\n\t\t\t\t\t\t<img loading=\"lazy\" data-src=\"\/\/www.uetikermuseum.ch\/wp-content\/uploads\/2023\/03\/6422f55e73de9.jpg\" data-libid=\"21629\" title=\"0176 SaurerMitHolzvergaser\" width=\"0\" height=\"0\" data-dbsrc=\"Ly93d3cudWV0aWtlcm11c2V1bS5jaC93cC1jb250ZW50L3VwbG9hZHMvMjAyMy8wMy82NDIyZjU1ZTczZGU5LmpwZw==\"\/>\n\t\t\t\t\t\t<img loading=\"lazy\" data-src=\"\/\/www.uetikermuseum.ch\/wp-content\/uploads\/2023\/03\/6422f5535faf4.jpg\" data-libid=\"21626\" title=\"001\" width=\"0\" height=\"0\" data-dbsrc=\"Ly93d3cudWV0aWtlcm11c2V1bS5jaC93cC1jb250ZW50L3VwbG9hZHMvMjAyMy8wMy82NDIyZjU1MzVmYWY0LmpwZw==\"\/>\n\t\t\t\t\t<\/image_lists>\n\t\t\t\t<\/sr7-module>\n\t\t\t\t<script>\n\t\t\t\t\twindow.SR7 ??={};SR7.PMH ??={}; SR7.PMH[\"SR7_3_1\"] = {cn:100,state:false,fn: function() { if (window._tpt!==undefined && window._tpt.prepareModuleHeight !== undefined) {  _tpt.prepareModuleHeight({id:\"SR7_3_1\",el:[900,900,768,960,720],type:'standard',shdw:'0',gh:[900,900,768,960,720],gw:[1240,1240,1024,778,480],vpt:['100px&#039;,&#039;100px&#039;,&#039;100px&#039;,&#039;100px&#039;,&#039;100px'],size:{fullWidth:true, fullHeight:true},fho:'#masthead,',mh:'0',onh:0,onw:0,bg:{color:'{\"type\":\"solid\",\"orig\":\"#1a093f\",\"string\":\"rgba(26, 9, 63, 1)\"}'}});   SR7.PMH[\"SR7_3_1\"].state=true;} else if(SR7.PMH[\"SR7_3_1\"].cn-->0)\tsetTimeout( SR7.PMH[\"SR7_3_1\"].fn,19);}};SR7.PMH[\"SR7_3_1\" ].fn();\n\t\t\t\t<\/script>\n\n\t\t\t\t<\/div>\n\t\t\t<\/div><\/p>\n","protected":false},"author":1,"featured_media":0,"parent":0,"menu_order":0,"comment_status":"closed","ping_status":"closed","template":"","meta":{"_et_pb_use_builder":"on","_et_pb_old_content":"","_et_gb_content_width":"","footnotes":""},"class_list":["post-14","page","type-page","status-publish","hentry"],"_links":{"self":[{"href":"https:\/\/www.uetikermuseum.ch\/index.php?rest_route=\/wp\/v2\/pages\/14","targetHints":{"allow":["GET"]}}],"collection":[{"href":"https:\/\/www.uetikermuseum.ch\/index.php?rest_route=\/wp\/v2\/pages"}],"about":[{"href":"https:\/\/www.uetikermuseum.ch\/index.php?rest_route=\/wp\/v2\/types\/page"}],"author":[{"embeddable":true,"href":"https:\/\/www.uetikermuseum.ch\/index.php?rest_route=\/wp\/v2\/users\/1"}],"replies":[{"embeddable":true,"href":"https:\/\/www.uetikermuseum.ch\/index.php?rest_route=%2Fwp%2Fv2%2Fcomments&post=14"}],"version-history":[{"count":22,"href":"https:\/\/www.uetikermuseum.ch\/index.php?rest_route=\/wp\/v2\/pages\/14\/revisions"}],"predecessor-version":[{"id":45993,"href":"https:\/\/www.uetikermuseum.ch\/index.php?rest_route=\/wp\/v2\/pages\/14\/revisions\/45993"}],"wp:attachment":[{"href":"https:\/\/www.uetikermuseum.ch\/index.php?rest_route=%2Fwp%2Fv2%2Fmedia&parent=14"}],"curies":[{"name":"wp","href":"https:\/\/api.w.org\/{rel}","templated":true}]}}